tor of 440 and 8?
8
What is the greatest common factor of 3584 and 504?
56
Calculate the greatest common divisor of 26 and 55562.
26
What is the highest common divisor of 924 and 252?
84
What is the highest common factor of 9947 and 49?
49
What is the greatest common factor of 14 and 25312?
14
Calculate the greatest common divisor of 2727 and 303.
303
Calculate the greatest common factor of 111996 and 108.
108
Calculate the highest common factor of 3855 and 15.
15
Calculate the greatest common factor of 1688 and 16.
8
What is the highest common divisor of 2263 and 73?
73
What is the greatest common divisor of 9 and 81?
9
Calculate the greatest common factor of 437 and 19.
19
What is the greatest common divisor of 640 and 10?
10
What is the greatest common factor of 3763 and 106?
53
What is the highest common divisor of 63 and 87?
3
What is the greatest common factor of 1404 and 3588?
156
What is the greatest common factor of 17746 and 38?
38
Calculate the greatest common factor of 1 and 101.
1
Calculate the greatest common factor of 149 and 745.
149
What is the greatest common divisor of 264 and 352?
88
Calculate the highest common divisor of 511 and 203.
7
Calculate the greatest common factor of 7 and 6426.
7
Calculate the highest common factor of 13 and 433.
1
What is the highest common factor of 228 and 12?
12
What is the greatest common divisor of 8938 and 218?
218
What is the highest common factor of 5 and 7?
1
What is the greatest common divisor of 376 and 141?
47
Calculate the greatest common factor of 420 and 189.
21
What is the greatest common divisor of 442 and 17?
17
Calculate the greatest common divisor of 220 and 16390.
110
What is the highest common factor of 11 and 21230?
11
What is the highest common factor of 17280 and 270?
270
What is the greatest common factor of 15 and 25?
5
Calculate the greatest common divisor of 57 and 95.
19
Calculate the highest common factor of 5 and 1675.
5
Calculate the highest common factor of 96 and 80.
16
What is the highest common factor of 855 and 360?
45
Calculate the highest common divisor of 50 and 120.
10
Calculate the greatest common divisor of 4 and 212.
4
Calculate the greatest common divisor of 34 and 374.
34
Calculate the greatest common factor of 913 and 33.
11
What is the highest common factor of 1431 and 54?
27
What is the greatest common divisor of 92 and 23?
23
What is the highest common divisor of 1204 and 56?
28
Calculate the greatest common divisor of 1580 and 20.
20
What is the greatest common factor of 5364 and 288?
36
Calculate the greatest common factor of 108 and 252.
36
Calculate the highest common divisor of 5 and 115.
5
Calculate the highest common divisor of 10956 and 660.
132
What is the greatest common divisor of 189 and 27?
27
Calculate the highest common factor of 24 and 56.
8
Calculate the highest common factor of 27 and 1.
1
What is the highest common factor of 18954 and 1215?
243
What is the highest common divisor of 30 and 4110?
30
Calculate the greatest common factor of 924 and 528.
132
What is the greatest common divisor of 5096 and 39?
13
Calculate the highest common factor of 172 and 6063.
43
What is the highest common factor of 20 and 1580?
20
Calculate the highest common divisor of 403 and 13.
13
What is the greatest common divisor of 370 and 50?
10
Calculate the greatest common divisor of 19 and 152.
19
What is the greatest common factor of 476 and 170?
34
Calculate the highest common divisor of 972 and 36.
36
What is the highest common factor of 2227 and 1048?
131
What is the highest common divisor of 2159 and 17?
17
Calculate the highest common factor of 36 and 228.
12
Calculate the highest common divisor of 64 and 6736.
16
What is the highest common divisor of 246 and 6?
6
Calculate the highest common divisor of 9790 and 10.
10
What is the greatest common factor of 22 and 4378?
22
Calculate the greatest common factor of 49 and 35.
7
What is the greatest common divisor of 118 and 177?
59
What is the highest common divisor of 106 and 583?
53
Calculate the greatest common divisor of 235 and 15.
5
Calculate the highest common factor of 177 and 1829.
59
Calculate the greatest common divisor of 635 and 10.
5
What is the highest common divisor of 32 and 328?
8
What is the greatest common divisor of 38 and 2641?
19
Calculate the highest common factor of 30 and 50.
10
What is the greatest common factor of 4998 and 294?
294
Calculate the greatest common divisor of 1162 and 249.
83
What is the greatest common factor of 168 and 63?
21
What is the greatest common divisor of 26 and 39?
13
Calculate the highest common factor of 3808 and 357.
119
What is the highest common divisor of 35 and 945?
35
What is the greatest common factor of 510 and 2176?
34
Calculate the highest common factor of 224 and 98.
14
What is the highest common factor of 236 and 3422?
118
Calculate the greatest common divisor of 2424 and 156.
12
Calculate the greatest common factor of 54 and 7803.
27
Calculate the highest common divisor of 855 and 45.
45
What is the highest common divisor of 51 and 30345?
51
What is the greatest common factor of 710 and 142?
142
What is the highest common factor of 144 and 27?
9
Calculate the highest common factor of 912 and 600.
24
What is the greatest common divisor of 736 and 1610?
46
What is the greatest common factor of 542 and 24?
2
Calculate the highest common factor of 3725 and 275.
25
What is the greatest common factor of 1225 and 3325?
175
Calculate the greatest common divisor of 36 and 18.
18
What is the highest common divisor of 7 and 79?
1
What is the greatest common divisor of 32 and 11632?
16
Calculate the greatest common divisor of 72 and 14598.
18
What is the highest common divisor of 1638 and 9?
9
What is the highest common factor of 96 and 704?
32
Calculate the highest common factor of 1032 and 4.
4
Calculate the greatest common factor of 126 and 30114.
126
Calculate the greatest common factor of 10 and 2435.
5
What is the greatest common divisor of 114 and 12?
6
What is the greatest common factor of 200 and 16600?
200
Calculate the greatest common factor of 315 and 5607.
63
Calculate the greatest common factor of 1012 and 46.
46
What is the greatest common divisor of 80 and 320?
80
What is the highest common factor of 1134 and 2016?
126
What is the greatest common factor of 52 and 100516?
52
What is the highest common divisor of 58 and 54?
2
What is the greatest common divisor of 26229 and 42?
21
What is the greatest common divisor of 192 and 72?
24
What is the greatest common factor of 86 and 20038?
86
What is the highest common factor of 47 and 517?
47
What is the highest common factor of 3750 and 25?
25
What is the highest common divisor of 5546 and 94?
94
Calculate the greatest common factor of 847 and 42.
7
Calculate the greatest common divisor of 314 and 7222.
314
Calculate the highest common factor of 24 and 2.
2
Calculate the highest common factor of 1467 and 3.
3
Calculate the greatest common divisor of 121 and 363.
121
Calculate the greatest common factor of 325 and 50.
25
Calculate the highest common divisor of 54 and 762.
6
Calculate the highest common factor of 1284 and 36.
12
What is the highest common divisor of 400 and 680?
40
What is the highest common divisor of 71 and 568?
71
What is the greatest common divisor of 884 and 39?
13
Calculate the highest common factor of 78 and 442.
26
What is the greatest common factor of 1500 and 24?
12
What is the greatest common divisor of 300 and 375?
75
What is the highest common factor of 80 and 7472?
16
Calculate the greatest common factor of 122 and 1342.
122
What is the highest common divisor of 112 and 938?
14
What is the greatest common factor of 406 and 70?
14
Calculate the greatest common divisor of 1235 and 20.
5
Calculate the greatest common factor of 72 and 56844.
36
Calculate the highest common divisor of 42 and 10122.
42
What is the greatest common factor of 14 and 61?
1
Calculate the greatest common factor of 282 and 54.
6
Calculate the highest common factor of 1 and 43.
1
Calculate the highest common factor of 64 and 48.
16
Calculate the greatest common factor of 3171 and 7.
7
What is the highest common divisor of 299 and 13?
13
Calculate the highest common divisor of 2